lculate the remainder when 2625 is divided by 26.
25
Calculate the remainder when 8285 is divided by 14.
11
Calculate the remainder when 704 is divided by 85.
24
What is the remainder when 3054 is divided by 42?
30
Calculate the remainder when 322 is divided by 68.
50
Calculate the remainder when 148 is divided by 81.
67
Calculate the remainder when 156 is divided by 54.
48
Calculate the remainder when 639 is divided by 80.
79
Calculate the remainder when 58 is divided by 15.
13
Calculate the remainder when 103 is divided by 22.
15
What is the remainder when 277 is divided by 20?
17
Calculate the remainder when 1908 is divided by 101.
90
What is the remainder when 477 is divided by 6?
3
What is the remainder when 337 is divided by 122?
93
What is the remainder when 347 is divided by 3?
2
Calculate the remainder when 33 is divided by 12.
9
Calculate the remainder when 133 is divided by 22.
1
Calculate the remainder when 2296 is divided by 92.
88
What is the remainder when 137 is divided by 28?
25
Calculate the remainder when 4482 is divided by 13.
10
What is the remainder when 193 is divided by 30?
13
What is the remainder when 362 is divided by 28?
26
What is the remainder when 84 is divided by 24?
12
What is the remainder when 107 is divided by 97?
10
Calculate the remainder when 111 is divided by 45.
21
Calculate the remainder when 2963 is divided by 19.
18
Calculate the remainder when 685 is divided by 17.
5
Calculate the remainder when 307 is divided by 7.
6
Calculate the remainder when 55 is divided by 29.
26
What is the remainder when 268 is divided by 18?
16
What is the remainder when 921 is divided by 14?
11
Calculate the remainder when 1584 is divided by 10.
4
What is the remainder when 128 is divided by 99?
29
What is the remainder when 459 is divided by 152?
3
Calculate the remainder when 698 is divided by 27.
23
What is the remainder when 7 is divided by 2?
1
Calculate the remainder when 583 is divided by 13.
11
Calculate the remainder when 13277 is divided by 29.
24
Calculate the remainder when 220 is divided by 32.
28
What is the remainder when 1896 is divided by 372?
36
Calculate the remainder when 571 is divided by 40.
11
What is the remainder when 16 is divided by 6?
4
What is the remainder when 374 is divided by 129?
116
What is the remainder when 52 is divided by 6?
4
What is the remainder when 130 is divided by 3?
1
Calculate the remainder when 26716 is divided by 122.
120
Calculate the remainder when 393 is divided by 160.
73
What is the remainder when 61 is divided by 11?
6
What is the remainder when 127 is divided by 124?
3
What is the remainder when 446 is divided by 45?
41
What is the remainder when 361 is divided by 28?
25
What is the remainder when 94 is divided by 42?
10
Calculate the remainder when 517 is divided by 169.
10
Calculate the remainder when 10360 is divided by 11.
9
Calculate the remainder when 4633 is divided by 61.
58
Calculate the remainder when 196 is divided by 40.
36
What is the remainder when 1098 is divided by 181?
12
Calculate the remainder when 241 is divided by 82.
77
Calculate the remainder when 175 is divided by 22.
21
What is the remainder when 270 is divided by 132?
6
What is the remainder when 54 is divided by 29?
25
Calculate the remainder when 96 is divided by 20.
16
Calculate the remainder when 7747 is divided by 97.
84
Calculate the remainder when 3 is divided by 2.
1
Calculate the remainder when 5644 is divided by 1881.
1
What is the remainder when 1532 is divided by 24?
20
Calculate the remainder when 499 is divided by 39.
31
What is the remainder when 17 is divided by 6?
5
Calculate the remainder when 435 is divided by 151.
133
What is the remainder when 295 is divided by 147?
1
What is the remainder when 68 is divided by 14?
12
What is the remainder when 242 is divided by 58?
10
Calculate the remainder when 204 is divided by 53.
45
Calculate the remainder when 190 is divided by 25.
15
What is the remainder when 755 is divided by 84?
83
What is the remainder when 1700 is divided by 39?
23
Calculate the remainder when 566 is divided by 19.
15
Calculate the remainder when 614 is divided by 11.
9
Calculate the remainder when 183 is divided by 49.
36
What is the remainder when 953 is divided by 63?
8
What is the remainder when 1198 is divided by 16?
14
What is the remainder when 386 is divided by 108?
62
Calculate the remainder when 1117 is divided by 285.
262
Calculate the remainder when 658 is divided by 94.
0
Calculate the remainder when 390 is divided by 41.
21
What is the remainder when 212 is divided by 12?
8
Calculate the remainder when 1348 is divided by 25.
23
What is the remainder when 181 is divided by 142?
39
What is the remainder when 54 is divided by 3?
0
What is the remainder when 66 is divided by 22?
0
Calculate the remainder when 115 is divided by 70.
45
What is the remainder when 406 is divided by 159?
88
What is the remainder when 84 is divided by 23?
15
Calculate the remainder when 35 is divided by 9.
8
Calculate the remainder when 14756 is divided by 94.
92
Calculate the remainder when 421 is divided by 32.
5
What is the remainder when 2194 is divided by 722?
28
What is the remainder when 308 is divided by 64?
52
Calculate the remainder when 50 is divided by 11.
6
Calculate the remainder when 4069 is divided by 27.
19
What is the remainder when 152 is divided by 119?
33
Calculate the remainder when 1125 is divided by 94.
91
Calculate the remainder when 323 is divided by 109.
105
Calculate the remainder when 362 is divided by 51.
5
Calculate the remainder when 573 is divided by 96.
93
Calculate the remainder when 138 is divided by 75.
63
Calculate the remainder when 1732 is divided by 433.
0
What is the remainder when 329 is divided by 148?
33
What is the remainder when 49 is divided by 13?
10
Calculate the remainder when 201 is divided by 163.
38
Calculate the remainder when 2090 is divided by 262.
256
What is the remainder when 134 is divided by 27?
26
Calculate the remainder when 394 is divided by 68.
54
What is the remainder when 182 is divided by 71?
40
Calculate the remainder when 1072 is divided by 98.
92
What is the remainder when 306 is divided by 184?
122
Calculate the remainder when 37 is divided by 19.
18
Calculate the remainder when 164 is divided by 44.
32
What is the remainder when 1219 is divided by 316?
271
What is the remainder when 2283 is divided by 127?
124
Calculate the remainder when 190 is divided by 185.
5
Calculate the remainder when 141 is divided by 99.
42
What is the remainder when 18796 is divided by 20?
16
What is the remainder when 288 is divided by 23?
12
What is the remainder when 255 is divided by 81?
12
Calculate the remainder when 240 is divided by 86.
68
What is the remainder when 166 is divided by 44?
34
Calculate the remainder when 693 is divided by 58.
55
Calculate the remainder when 154 is divided by 94.
60
What is the remainder when 2953 is divided by 87?
82
Calculate the remainder when 1866 is divided by 622.
0
What is the remainder when 322 is divided by 16?
2
Calculate the remainder when 638 is divided by 71.
70
Calculate the remainder when 141 is divided by 53.
35
What is the remainder when 127 is divided by 4?
3
Calculate the remainder when 928 is divided by 41.
26
Calculate the remainder when 944 is divided by 455.
34
Calculate the remainder when 67 is divided by 48.
19
What is the remainder when 24 is divided by 18?
6
What is the remainder when 299 is divided by 9?
2
What is the remainder when 182 is divided by 48?
38
What is the remainder when 41 is divided by 6?
5
Calculate the remainder when 400 is divided by 158.
84
Calculate the remainder when 90 is divided by 43.
4
Calculate the remainder when 12944 is divided by 78.
74
What is the remainder when 1441 is divided by 38?
35
What is the remainder when 240 is divided by 62?
54
What is the remainder when 3197 is divided by 14?
5
What is the remainder when 242 is divided by 15?
2
What is the remainder when 2610 is divided by 21?
6
What is the remainder when 179 is divided by 13?
10
Calculate the remainder when 1731 is divided by 217.
212
What is the remainder when 527 is divided by 53?
50
Calculate the remainder when 517 is divided by 28.
13
What is the remaind